p?
0
Let j = 1471 + -760. What is the units digit of j?
1
Let b(t) = -35*t**2 + 2*t + 2. Let f be b(-2). Let v = f - -207. What is the units digit of v?
5
Suppose -3*b - 3*m - 21 = 3, 0 = -2*b + 5*m - 9. What is the tens digit of (-1)/(b/(-2)) - 4170/(-42)?
9
Suppose 3*c - 671 - 1147 = 0. What is the tens digit of c?
0
Suppose -108 = 25*k - 31*k. Suppose w - k = 32. What is the tens digit of w?
5
Let c(v) = 80*v**2 + 8*v + 6. What is the hundreds digit of c(3)?
7
Suppose -4*s - 3*i = -143, -3*i - 54 = -2*s - 5. What is the units digit of (-375)/(-10)*s/5?
0
Suppose v + 5*d + 486 - 36 = 0, v - 4*d = -459. What is the tens digit of -2*1*v/10?
9
Let k(q) = -q + 8. Let o be k(6). Let d = -3 + 5. Suppose d*j = -o*w + 10, 3 + 3 = -3*j. What is the units digit of w?
7
Let k = 28 + 0. Suppose -3*m - 2*t = -k, -4*m - 3*t = -0*m - 37. What is the tens digit of m?
1
Let p(w) = 3*w**2 - w + 3. Let d be p(-3). Suppose -3*g - j - d = 2*g, -24 = 2*g + 4*j. What is the tens digit of (-100)/g*(-9)/(-6)?
2
Suppose 8*x - 3 = 7*x. Suppose -111 = -x*m + 84. What is the units digit of m?
5
Suppose 104 = -2*k + 3*k. Let i be k/12 - (-4)/12. Suppose -2*u + 79 = -i. What is the tens digit of u?
4
Let a(d) = d**2 + 2255. What is the units digit of a(0)?
5
Let c(m) = m**3 + 10*m**2 + 9*m + 14. Let h be c(-9). Suppose -4*z - s + h = -0*s, 0 = -z + 3*s + 10. What is the units digit of z?
4
Let l = 253 + 88. Suppose -l + 21 = -2*h. What is the hundreds digit of h?
1
Suppose 0 = 40*d + 23328 - 103128. What is the units digit of d?
5
Let c(w) = w**3 - 10*w**2 - 11*w + 14. What is the units digit of c(12)?
0
Let v(t) = 2*t**3 - t**2 - 4*t - 8. Let w(u) = u**3 - u**2 - 3*u - 7. Let a(m) = -3*v(m) + 4*w(m). What is the tens digit of a(-3)?
4
Let n(a) = 9*a - 3*a - 79*a - 13. What is the tens digit of n(-2)?
3
Let n = -47 - -52. Suppose -299 = -g + 2*i - 109, n*i = 5*g - 955. What is the tens digit of g?
9
Suppose 145 = u + 31. Let g = -51 + u. What is the tens digit of g?
6
Let t(j) = -2*j**3 + 35*j**2 + 32*j + 18. Let i be t(17). Suppose -5*x + i + 479 = 0. What is the units digit of x?
6
Suppose -2182 = 4*z - 6206. What is the units digit of z?
6
What is the units digit of -1 + -8 - (-2113 - -37)?
7
Let h = 48 - 46. Let s(c) = 7*c**3 - c**2 + 2*c - 1. What is the tens digit of s(h)?
5
Let c(h) = -4*h - 12. Let n be c(-4). What is the tens digit of (-6)/n*(-1460)/30?
7
Let k(n) = 6*n**2 - 34*n + 107. What is the hundreds digit of k(19)?
6
Let b be -5 + 3 - -1*4. Suppose -6*h - b*h = -8. What is the units digit of h?
1
Let f be 2/9 + 1 + (-11)/9. Suppose 3*g - 133 = -2*d, f*d = 3*d + g - 203. What is the units digit of d?
8
Let i(a) = a**3 - 9*a**2 + 4*a - 8. Let g be i(6). What is the tens digit of ((-1)/(-2))/((-2)/g)?
2
Suppose -122*r = -121*r - 41. Suppose 0*l = -2*l - 6. Let s = r + l. What is the tens digit of s?
3
Let h = 2 - 28. Let b = 28 + h. What is the units digit of b?
2
Suppose -2*v = g - 1400, -5*g - v + 9922 - 2922 = 0. What is the units digit of g?
0
Let j be 7/2*32/56. Suppose -4*a = -a - 159. Suppose -o + j*o = a. What is the tens digit of o?
5
Let u(r) = -183*r - 102. What is the units digit of u(-4)?
0
Suppose -463 = 26*k - 27*k. What is the units digit of k?
3
Suppose -4*b - 3*t = 10, -2*b - 19 + 7 = -2*t. Let u(n) = 5*n - 3. Let k be u(3). Let i = k - b. What is the tens digit of i?
1
Let z = -5 - 3. Let c(q) = 4*q**2 + 11*q - 2. What is the tens digit of c(z)?
6
Suppose -2*i - 5*y = 0, -i + 6 = -3*y - 5. Suppose 5 = -2*u - 1. What is the units digit of u/i - 890/(-25)?
5
Suppose -3*w = g + 3*g - 1730, 1750 = 3*w - g. What is the tens digit of w?
8
Let o = -17 + 16. Let z be (-1)/(((-3)/(-9))/o). Suppose -3*k - 60 = -2*l + k, -z*l = -2*k - 82. What is the tens digit of l?
2
Let z be (-2193)/34*4/(-6). Suppose 2*d - z = -2*t + 5*t, -19 = -d + 4*t. What is the units digit of d?
3
Let n(u) = -u**3 + 27*u**2 - 25*u + 35. What is the thousands digit of n(19)?
2
Let u(i) = 784*i**3 + 2*i - 1. What is the tens digit of u(1)?
8
Let j be (240/(-45))/((-2)/3). What is the tens digit of 0 + j/32 - (-654)/8?
8
Let p(x) = -34*x + 158. What is the units digit of p(-34)?
4
Suppose 4*f = y - 61, 4*f = 2*y - 143 + 29. Suppose -2*b = -y - 7. What is the units digit of b?
0
Let w = 4209 + -2942. What is the thousands digit of w?
1
Let s(j) = -j**2 + 26*j + 7. Let z be s(11). Suppose -2*l = -4*l + z. What is the tens digit of l?
8
Let w = 530 - 438. What is the units digit of w?
2
Let s = -2384 + 6664. What is the units digit of s?
0
Suppose 0 = -2*u - s + 7542, -41*s + 44*s + 6 = 0. What is the tens digit of u?
7
Let y = -2 - 12. Let u = -14 - y. Suppose -4*d + g + 4*g + 180 = u, -3*d - 5*g + 170 = 0. What is the tens digit of d?
5
Let l(d) = 3*d**3 + 11*d**2 - 5*d + 2. What is the hundreds digit of l(3)?
1
Suppose -42*f + 41225 = -34753. What is the thousands digit of f?
1
Let n(o) = 20 + 7*o - 2*o - 3*o. What is the units digit of n(16)?
2
Suppose 3*o - 68 = o - 3*n, -n = -o + 24. Let i(j) = 12*j + 100. Let k be i(-8). Suppose k*z - o = 8. What is the units digit of z?
9
Suppose -k - 2*q = -1536, 17*k - 5*q + 6129 = 21*k. What is the tens digit of k?
2
Let h(n) = -3*n**2 + 7*n + 35. Let m be h(-8). Let p = -136 - m. What is the tens digit of p?
7
Let t = 114 - 108. Suppose t*h = -7*h + 1911. What is the tens digit of h?
4
Let v be (2 - 17)*5/(-3). Suppose 1168 = -v*x + 29*x. What is the units digit of x?
2
Let s(y) = y**2 - y - 4. Let u be s(-4). Suppose 0 = 3*v - u*v + 1430. What is the units digit of v?
0
Let p(w) = -5 + 9*w - 162*w**3 - 2*w - 8*w + 3. What is the hundreds digit of p(-1)?
1
Suppose -2*u - 6832 = -2*k, 4*u = -4*k + k + 10283. What is the tens digit of k?
2
Suppose 4*f - 6*f = -3*b + 2094, 5*b - 3515 = -5*f. What is the tens digit of b?
0
Let b(p) = 8 - 4*p + 3*p - 6*p - 16*p. Let y be b(-6). Suppose -r - r = -3*k + y, 2*r - 254 = -5*k. What is the tens digit of k?
5
Let y = 12 - 7. Let j(n) = -n**2 + 6*n - 1. Let g be j(y). Suppose 56 = 2*p + 2*p - g*z, 3*z - 24 = -3*p. What is the tens digit of p?
1
Let f(r) = -36*r. What is the tens digit of f(-9)?
2
Let w(s) = -3*s - 15. Let i be w(-6). Suppose 18 = a + i. Suppose 11*x + 96 = a*x. What is the tens digit of x?
2
Suppose 4*r - 4 = 4. Suppose -5*x = 4 + 11, 2*x = -r*n + 60. Suppose -2*v = -v - n. What is the units digit of v?
3
Suppose 3*w + 587 = -w + 5*z, z - 739 = 5*w. Let x = 268 + w. What is the tens digit of x?
2
Let o = -300 + 508. Let k = -92 + o. What is the tens digit of k?
1
Suppose -5*b + 104300 = 23*b. What is the thousands digit of b?
3
Suppose 0 = d + f + 12, 0 = -2*d + 6*d + 5*f + 53. Let c(i) = -4*i - 16. What is the tens digit of c(d)?
1
Suppose 0 = -5*i - 4 + 24. Suppose 3*v - d - 215 = 0, 5*d = -i*v + 37 + 275. What is the tens digit of v?
7
Let u be (8/(-6))/((-5)/30). Suppose u*n - 555 = 3*n. What is the units digit of n?
1
Let u(l) = -14*l**2 - 3*l - 2. Suppose 0 = 4*r - 7*r + 9. Let q be u(r). Let f = q - -195. What is the units digit of f?
8
Suppose 0 = 9*c - 2915 - 82. What is the tens digit of c?
3
What is the hundreds digit of -1 - 13 - -446 - (-4 - 1)?
4
Suppose 5*l + 4*s = 8867, -3*l + 4*s = -2702 - 2599. What is the tens digit of l?
7
Let f(p) be the second derivative of p**3/6 + 99*p**2/2 - 2*p + 3. What is the units digit of f(26)?
5
Suppose -3*z + 4 = -2*z, -3*r + 3*z + 30 = 0. Let a(h) = 14*h - 31. What is the hundreds digit of a(r)?
1
Let c = -28 + 30. Suppose c*r = 79 + 35. What is the units digit of r?
7
Let p(k) = k**2 + 4*k - 1. Let o be p(-6). Let u = o + -6. Suppose -2*y = -5*s - 0*s + 23, -u*s + 3*y + 22 = 0. What is the units digit of s?
5
Suppose -t + 0*t = b + 6, 12 = -3*b - t. What is the units digit of 548/(-3 - (-2 + b))?
4
Let p(w) = -30*w - 71. What is the units digit of p(-19)?
9
Let y be 0/(-3 - -4) + -4. Let u be y/(-18) + 241/9. Let t = 74 - u. What is the units digit of t?
7
Let i(x) = 5*x - 20. Let s be i(4). Suppose 4*c - 6*c + 168 = s. What is the tens digit of c?
8
Suppose 3*r + 9 = 0, -5*h + 10*h + 4*r - 3 = 0. Suppose 5 = h*o - 19. What is the tens digit of (-4)/o*(-45 + 3)?
2
Let d(g) = g - 2. Let w be d(4). Suppose -2*o + 0*o + 8 = 0, -48 = -4*k + w*o. Suppose 3*p = 3*q - 72, 2*q - 3*q - p + k = 0. What is the tens digit of q?
1
Let h b